10*k - 4. Let w be p(-9). Suppose -43 = -w*x - 4*m + 3, -5*x + m = -26. Is x/(-14) + 19670/49 a prime number?
True
Suppose -3*w = -c + 49298, 0 = -67*c + 64*c - 2*w + 147927. Is c composite?
False
Let b(n) = -315*n + 32. Is b(-7) a composite number?
False
Let l = 14580 - 7887. Suppose 32*z = 35*z - l. Is z a composite number?
True
Let t(b) = -b**3 + 5*b**2 + 3. Let u be t(5). Suppose -4*o + 3927 = 3*l + 299, -u*o - 3*l = -2721. Is o prime?
True
Let c be (1 - -4)/(4 + -3). Suppose 3*o - k = -0*o + 96, c*k + 15 = 0. Is o prime?
True
Suppose 0 = -2*l + 4*r - r + 579, 5*r - 619 = -2*l. Suppose -19*w = -15*w + 2600. Let b = l - w. Is b a prime number?
True
Suppose -2*g - h - h = -1746, 0 = 3*g - 3*h - 2589. Suppose -6*y + g = -3170. Is y composite?
False
Let u be (0 - 5)*(1944/20)/(-3). Let s(t) = -t + 11. Let y be s(8). Suppose 357 = 4*m - 3*p, 3*m + u - 432 = y*p. Is m a prime number?
False
Suppose 0 = 4*i - a - 7, -6*i + 5*a + 18 = -3*i. Let r = -4 + i. Is (-15)/r*(-134)/(-10) a prime number?
True
Let y be (-1)/1*(-6)/(-2). Let w = 156 - 156. Is -1*(w + y + -208) composite?
False
Suppose -3*c = -c - 6. Let z(u) = 7 - u - c - u + 40*u**2 - 2. Is z(2) a prime number?
False
Let g(v) = 2147*v + 2. Let s be g(5). Suppose 151 + s = 8*n. Is n composite?
False
Suppose 106 = -3*w - 593. Let j = 104 - w. Is j a composite number?
False
Suppose -60*q = -718882 - 316178. Is q prime?
False
Is 40143 - (0/1 - (20 + -20)) a composite number?
True
Let b(w) = 19*w**3 + 5*w**2 - 32*w + 191. Is b(5) prime?
True
Let s = -35 - -40. Suppose -5*n = 2*z - 6, 4*z + 2 + 4 = -n. Is 1652/20 + n/s a prime number?
True
Suppose 26*x = 28360 + 132762. Is x a composite number?
False
Let r = -3234 + 6031. Suppose 2*f - h - r = 0, -3*h = f - 3*f + 2795. Is f a prime number?
True
Suppose 2*w - 2*r - 6 = 0, w + r - 3 = -4*r. Let s(n) = n + 3*n**w - 2*n**3 - 2*n**3 + 10*n**2 + 1 - 12. Is s(9) prime?
True
Let n = -11604 + 7721. Let x = -218 - n. Is x prime?
False
Let i(n) = -19*n**2 + 2*n + 13. Let c be i(4). Suppose 4*a - a = 1548. Let s = a + c. Is s a prime number?
True
Let m be -2 - (-882)/(4/2). Let j be -236 + (-1)/(-2)*4. Let c = j + m. Is c composite?
True
Suppose -4*u = -9 - 15. Let o be -2 + u + -2 - 7. Let y(h) = h**3 + 7*h**2 + 4*h + 1. Is y(o) a prime number?
True
Suppose 2*s = 2*d - 12, -3*s + 5 = -5*d + 31. Suppose d*c + k - 922 = -82, 4*k = c - 227. Is c composite?
False
Suppose -2*u + 8 = 4. Let g be -2 - ((-10)/(-2) + u). Is 1592/6 + 3/g composite?
True
Suppose p = -3*l + 4*l + 5060, -p + 3*l = -5068. Suppose -6*s + p = -2606. Is s prime?
True
Suppose 17*d = 18*d + 506. Let y = 8 + 821. Let i = y + d. Is i prime?
False
Suppose -z - 1 - 4 = -5*k, 5*k + 15 = 5*z. Suppose 2*d - 62 = z*y - y, d - 38 = -5*y. Is d composite?
True
Suppose 8*m = 131227 - 9683. Is m composite?
False
Suppose -w + 4*w = f - 559, 3*f = -15. Let c = w + 393. Is c a composite number?
True
Let c = 5 + -5. Suppose 0 = -5*h + 3 + 2, c = 2*w + h - 1. Suppose -3*j + 4*a + 81 = w, 105 = 6*j - 3*j + 4*a. Is j a prime number?
True
Is (2/4)/((-255183)/(-25518) + -10) a prime number?
True
Let a(s) = -2*s**3 - 3*s + 5. Let h be a(-4). Is 2/(2/1)*h a prime number?
False
Let t(a) = 3*a - 1318. Let h be t(0). Let i = 1875 + h. Is i composite?
False
Let n be -12 + 12 + -181 + -1. Is (-9426)/(-14) + 0 + 52/n a composite number?
False
Suppose -6 = -2*d, 3*k + 6*d - 4*d = 4323. Is k prime?
True
Let s = 8470 + 112933. Is s prime?
True
Is (2 + 820)*4*(-3)/(-24) a composite number?
True
Suppose 4*g = x + 4272, 5*g + 2*x - 2146 = 3*g. Is g composite?
False
Suppose 10*t + 5*t - 4200 = 0. Suppose 187 = m - t. Is m composite?
False
Suppose t = 5, 4*s - s = -3*t + 4206. Is s prime?
False
Let m be (9/(-2))/(3/(-76)). Let k(b) = -b**3 - 2*b**2 - b + 2. Let a be k(0). Suppose 2*w - m = 4*y, 3*w - 7*y + a*y - 169 = 0. Is w a composite number?
False
Let y(o) = -85*o**3 - 2*o**2 - 14*o - 54. Is y(-7) prime?
True
Let j be (-357 - 12/(-4)) + 3. Let r = 844 + j. Is r a prime number?
False
Suppose -4*j + 3831 = -j. Suppose -346 - j = -3*s. Is s a composite number?
False
Is (-16)/80 - (-2043030)/25 a composite number?
True
Let k = 124 + -271. Let s = k + 77. Let y = 133 - s. Is y composite?
True
Let a = -4581 - -9118. Is a prime?
False
Suppose -25 - 35 = -6*n. Suppose -12*h - 5*o = -n*h - 8509, 0 = 4*h - 5*o - 16973. Is h composite?
True
Let z(m) = -m + 24. Let q be z(4). Suppose -q*u + 13*u + 6139 = 0. Is u composite?
False
Let j(q) = 2952*q**3 + 2*q**2 - 11*q + 10. Is j(1) prime?
True
Let c be (-134)/(-5) + 1/5. Let f be c/5 + (-6)/15. Suppose -f*h - 2*h = -2513. Is h a composite number?
False
Let l = 10187 + -4549. Is l a composite number?
True
Suppose y - 4*y - 4*b = 8, -17 = -3*y + b. Let r(d) = -17*d**3 - 9*d**2 - d + 4. Let f be r(-6). Suppose y*z - f + 618 = 0. Is z a composite number?
True
Is 1740 + (-3)/(21/49) prime?
True
Let k be (-15)/(-3) + -3 - -2. Let l(i) = 1 + i**3 - k*i**2 - 9*i - i**2 + 4*i**2 + 10*i. Is l(6) prime?
False
Suppose -2*r + 7334 = -4*s, 9*r - 8*r - 3681 = -5*s. Is r a prime number?
True
Let j be (18/(-12))/(2/(-16)). Is (208/j)/(4/6) a composite number?
True
Let k = 11 - 6. Suppose -u + 2*u + 644 = k*h, h = 5*u + 148. Suppose -h = -v - 41. Is v a composite number?
True
Let r = -12 - -17. Suppose 2*k + r = 15. Suppose -z = 4*j + 521 - 1554, 0 = 3*j + k*z - 762. Is j a prime number?
False
Let t(z) = -6*z**3 - 6*z**2 - 2*z - 6. Let o(d) = -7*d**3 - 7*d**2 - 2*d - 7. Let q(s) = 3*o(s) - 4*t(s). Is q(4) a prime number?
True
Suppose -44*a + 369833 = 148381. Is a composite?
True
Let l(w) = 3*w**2 - w. Suppose -g + 0*g - y + 6 = 0, 2*g + 3 = -5*y. Let n be l(g). Suppose 0 = -2*d + 2*h - 0*h + 190, -4*d + n = 3*h. Is d composite?
True
Let c = 18 + 731. Is c a prime number?
False
Suppose 0*k - 3*k + 30 = 0. Let z = k - 18. Is z/(-12) + 950/6 prime?
False
Suppose -5*u = 3*v - 0*v - 662161, 2*u - 220721 = -v. Is v a prime number?
False
Let w(o) = -o**3 + o**2 + 2*o + 8663. Is w(0) a composite number?
False
Let n = -31 - -34. Suppose -w + 2*w + 895 = 3*q, -891 = -n*q - 3*w. Is q a composite number?
True
Let y = -48 - -48. Suppose y = -d - 5*p + 611, 3*p = d - 3*d + 1250. Is d prime?
True
Let x(p) = 49*p**2 - 23*p + 17. Is x(-19) prime?
True
Let a = -46 + 62. Is (0 + (-1497)/6)/((-8)/a) a composite number?
False
Let d = 1 - -4. Suppose -t = -5*t - 3*j + 12, -d*t = -j + 4. Suppose -2*x + 46 + 72 = t. Is x prime?
True
Let p = -46 - -43. Is 4/p*(-786)/(-20)*-5 composite?
True
Let b(n) = 28*n**2 - 5*n - 13. Is b(-10) composite?
False
Suppose -a + 3 = -2. Suppose 9*q = a*q + 92. Is q prime?
True
Suppose -299*h + 20471 = -288*h. Is h a composite number?
False
Is ((-32764)/6)/(2/(-3)) a composite number?
False
Let k = 96 - -1951. Is k prime?
False
Let t(r) = 30*r - 53. Let l be t(6). Let p be (-1)/(-4) + (-2613)/(-12). Let x = p - l. Is x a composite number?
True
Let x(z) = 2*z**3 + z**3 - 4*z**3 + 1 - 9*z + 16*z**2 + 18. Is x(15) composite?
False
Let w be 2 + -1 - 36*12. Let u be -3 + 5548/(-5 + 1). Let r = w - u. Is r a composite number?
True
Let r = -11106 + 23947. Is r a prime number?
True
Let d(t) = -3*t. Let s be d(-1). Suppose s*o + 100 = k, -4*o - 258 = -3*k - 9*o. Suppose 2*g = g + k. Is g a composite number?
True
Let r be (3/(-2))/((-36)/48). Suppose -u - 4 = 0, 0*n - 203 = -3*n + r*u. Is n composite?
True
Suppose 3*g + 73 - 1 = 0. Let l = g + -4. Let i = l + 43. Is i composite?
True
Suppose 0*f + f = 4*w - 122, -f - 60 = -2*w. Let j = -27 + w. Is (j/10)/(2/4835) prime?
True
Let p(u) = 652*u**2 + u - 5. Suppose -s - 2*s + 6 = 0. Is p(s) prime?
False
Is (1/(-4))/(19/(-556168)) a prime number?
False
Suppose a + 3567 = 3*g - 0*a, -2*g = -6*a - 2378. Is g a prime number?
False
Let g(t) = t - 2. Let v be g(10). Is v/(-2)*(-2018)/8 prime?
True
Let o(y) be the second derivative of -y**3/3 - 5*y**2/2 + 2*y. Let r be o(-5). Suppose r*w = 20 + 55. Is w composite?
True
Suppose -z = -3*r + 323, -3*r + 849 = -3*z - 90. Let s = z - -519. Is s composite?
False
Let g be (-5)/(-25) - 2/10. Suppose -2*x + 22 - 262 = g. Let q = -35 - x. Is q prime?
False
Suppose -5*s + 8*i + 18793 = 4*i, -5*s = -5*i - 18790. Is s prime?
True
Let y(c) be the second derivative of -c**4/12 + 7*c**3/2 + 7*c**2 - c. Let h be y(12). Let f = h + -55.